31 + 228. Let x = b - 88. Is x a prime number?
False
Let l = -50 + 96. Suppose z = l + 19. Is z composite?
True
Let w be (-8)/(-6)*6/4. Suppose w*i - 5*i + 3*l = -66, -5*l = 4*i - 88. Is i composite?
True
Suppose -3*c + 7 - 4 = 3*q, q + 2*c - 2 = 0. Suppose q = -4*z + 300 + 1312. Is z composite?
True
Suppose -7*b = 3*b - 4930. Is b a prime number?
False
Suppose 0 = 6*r - r + 3*f - 33, 3*r - f = 17. Let x be ((-2)/(-4))/(r/(-648)). Let z = x + 113. Is z prime?
True
Suppose -46 = -2*c + 4*q, -1 = 2*q + 5. Suppose -4*t - v + 0*v = -27, -2*t + c = -3*v. Is t a prime number?
True
Let f be 6/(-27) - (-248)/(-18). Is (97/(-2))/(7/f) a prime number?
True
Suppose -7*l + 3*l = -4*g + 40, g - 30 = 5*l. Suppose 0 = 5*a + 4*x + 10, g*a - 7 = -x - 2. Is (a/(-3))/(4/(-42)) composite?
False
Let b = -3 + 3. Suppose -3*l = -b*l - 273. Is l a prime number?
False
Let h(s) = -s**3 + 4*s**2 + 6*s - 3. Let b be h(5). Let o be -3 - ((-1)/1 - b). Suppose o = -2*p - 2*p + 124. Is p composite?
False
Suppose -8 = k + 3. Let w = 7 + k. Is (20/15)/(w/(-114)) a composite number?
True
Suppose 4*g - 2680 = 3*m, -4*g + 3*m + 2*m + 2672 = 0. Is g a prime number?
True
Let m = -8 - -7. Let w be (14/4)/(m/(-2)). Suppose -i + 7 = -w. Is i a composite number?
True
Let v = 121 + 198. Is v composite?
True
Let h(j) = -2*j**2 + 9*j + 7. Let a be h(9). Let f = 125 + a. Is f prime?
False
Suppose -3*y + 0*y = 3*j - 657, 892 = 4*y - 4*j. Is y prime?
False
Suppose 0 = 5*u - l - 247, -u + l + 63 = 12. Suppose -4*z = z + 100. Let s = u - z. Is s prime?
False
Suppose 5*n - 2*x = -119, -4*n - 5*x + 56 = -6*n. Let u = -9 - n. Is u a prime number?
False
Let r(c) = c**2 - 3*c + 3. Let o be r(2). Let v(w) = 52*w**3 + w. Is v(o) a prime number?
True
Suppose 3*x + 0 = -12, -x + 8 = 3*o. Suppose w + o*w = 290. Is w a composite number?
True
Let o = 516 - 253. Is o a prime number?
True
Let d(p) = -54*p - 1. Suppose -4*r - 1 = -3*r - 4*g, 0 = r - 2*g + 1. Is d(r) prime?
True
Let d(r) = -r**2 - r. Let n be d(0). Suppose -2*m + k + 171 = 6*k, 2*m - 4*k - 198 = n. Is m a composite number?
True
Let f be 3*(-68)/(-12)*-3. Let j = 538 + f. Is j prime?
True
Let m(n) = 16*n - 1. Suppose 2*x = 25 + 1. Suppose -12 = -2*b - 2*f, x = 4*b + 5*f - 11. Is m(b) a prime number?
False
Suppose 2*c - 3 + 1 = 4*t, 25 = 5*t. Is c composite?
False
Suppose 6 = -0*t + 3*t. Suppose 2*u = 6*u. Suppose -t*p - 3 + 21 = u. Is p prime?
False
Let v be (-176)/(-10) - (-12)/30. Suppose 94 = 4*l + v. Is l a prime number?
True
Suppose 2*v + 140 = a, 3*v + v + 278 = 3*a. Let i = v - -141. Let f = i - 39. Is f a composite number?
False
Suppose 24*c - 30*c + 3810 = 0. Is c a composite number?
True
Is 4/(-10) + 267273/95 prime?
False
Let v(g) = 1 + 1 + 2 + 3*g. Is v(5) a prime number?
True
Suppose 5*a + 0*d + 3*d - 1078 = 0, d - 1 = 0. Is a prime?
False
Let t = 546 + -49. Is t a prime number?
False
Is 1/(-2) - (6 + 367/(-2)) a composite number?
True
Suppose 6*z - 2*z + 4*w = 7920, -9897 = -5*z - 2*w. Is z prime?
True
Let c = 0 + 2. Suppose -5*p = 20, -4*w + c*p = -2*p - 860. Is w a composite number?
False
Let o(f) = 385*f**2 - 10*f + 1. Is o(-2) a prime number?
False
Suppose 0 = 6*x - 2*x - 1516. Is x prime?
True
Let t(l) = l + 203. Is t(0) composite?
True
Let g(i) = i**2 + 4*i - 7. Let c be g(-7). Suppose -4*d = -s + c, s - 1 = -d - 2. Suppose s*t - 22 = 76. Is t a prime number?
False
Let o(i) = -6*i - 8. Let n(z) = z + 1. Let r(c) = 5*n(c) + o(c). Let b be r(-9). Is (b/4)/(2/52) prime?
False
Let m be 0/((8/2)/2). Suppose -u + 5*u - 104 = m. Is u composite?
True
Let p be (26*3)/(-2)*-1. Suppose -l + 152 = -p. Is l a prime number?
True
Suppose 0 = 9*l - 1017 - 9342. Is l a prime number?
True
Suppose 2*x = -3*p + 1126, -2*x - 3*p - 563 = -3*x. Is x a composite number?
False
Let u(m) = -12*m - 2. Let l be u(2). Let q = 46 + l. Suppose 0 = o - 29 - q. Is o a prime number?
False
Suppose -2*u + 7*u - 35 = 0. Suppose 3*g + 172 = u*g. Is g a prime number?
True
Let r(l) = -l**2 - 2*l + 4. Let k be r(-3). Suppose 1 = n - k. Suppose 0 = -0*g + n*g - 118. Is g a composite number?
False
Let w(p) = p + 47. Let k(d) = -d**2 - d + 2. Let x be k(-2). Suppose 0*c - 3*c = x. Is w(c) a composite number?
False
Suppose 0 = -2*x - 16. Let i(l) = -3*l. Let z be i(x). Let f = z - -29. Is f a prime number?
True
Let x = 306 - -107. Is x a prime number?
False
Suppose 0 = -5*d + 21 + 4. Suppose 0 = d*u - 53 - 62. Is u a prime number?
True
Let m(r) = 18*r**2 + 10*r - 1. Is m(-4) prime?
False
Let q = -1302 - -2699. Is q a prime number?
False
Let c(b) = -68*b + 17. Is c(-7) composite?
True
Let k = -11 + 7. Is 2*(-1)/(k/38) a composite number?
False
Suppose 0 = 14*x - 18*x + 3956. Is x a prime number?
False
Suppose 1 = 4*f - 3. Is (f - 3)*158/(-4) a prime number?
True
Let r = 12 + -12. Suppose -1099 = -5*d - 3*c, 3*d - 2*c - 434 - 233 = r. Is d a composite number?
True
Let i be 40/(-12) + (-4)/6. Is i + 82 - (-1)/1 prime?
True
Let s(z) = -4*z**3 + 3*z**2 - 4*z - 11. Is s(-6) composite?
True
Let d be 32/(-6)*(-12)/8. Let h(g) = g + 1. Is h(d) a composite number?
True
Suppose -3*f = -4*v - 424, -9 = 2*v - 4*f + 213. Let z = 196 + v. Suppose 6*j = 3*j + z. Is j a prime number?
True
Let n(f) = 4*f + f**3 - 3*f + 10*f**2 + 5 + 11*f. Is n(-8) prime?
True
Let l = 3 + -7. Let n(r) = -r**3 - 3*r**2 - 4*r - 5. Let z be n(l). Suppose -5*p - 28 = -5*o + z, -4*o - 3*p = -16. Is o prime?
True
Suppose -r - 2*m - 1033 = 931, 0 = -2*r + 4*m - 3952. Is 4/(-10) - r/50 a composite number?
True
Let v = 4 + -8. Let p = 9 + v. Suppose 30 = p*d - 225. Is d prime?
False
Suppose -2*n + 136 = -210. Let m = n - 116. Is m a prime number?
False
Let b(u) = 4 - 11 - 2*u + 26*u + 0. Is b(9) a prime number?
False
Let n be 2/(-8) - 238/8. Let v be ((-1)/(-3))/(5/n). Is (1 - v)/(-1) + 25 prime?
False
Suppose 0 = -w - 2, -d - 390 = -3*d + 4*w. Is d prime?
True
Let o = -17 + 24. Let b = o + 16. Is b prime?
True
Let s(o) = -o**3 - o**2 + 32. Let x be s(0). Suppose x + 19 = -u. Let r = 94 + u. Is r a composite number?
False
Suppose 2*d - 2110 = -4*h, 5*d = -4 - 11. Is h prime?
False
Suppose 4*i - 6029 = 3*n, 3*n - 7 - 8 = 0. Is i a prime number?
True
Let t(y) = y**2 - 5*y + 6. Let k be t(4). Suppose k*c + 3*j + 138 = -3*c, -26 = c + j. Let q = 39 - c. Is q a prime number?
False
Let j be ((-1)/3)/((-1)/3). Let w = j - -1. Suppose -8 - 3 = -3*p + z, p - w*z = 2. Is p composite?
True
Let b(o) = o**2 - 2*o - 11. Let s(k) = k**2 - k - 6. Let l(d) = -3*b(d) + 5*s(d). Let i(f) = -3*f**2 - f. Let y be i(1). Is l(y) a prime number?
True
Suppose 5*n - 602 = 873. Is n a composite number?
True
Let d(p) = -7*p - 5. Let j(h) = -10*h - 7. Let k(c) = -8*d(c) + 5*j(c). Let m be k(6). Suppose 5*x + g - 130 = 4*g, -2*x - g = -m. Is x composite?
False
Suppose -4*i + 12 = 3*y, -5*i = -2*y + 3*y - 15. Suppose 4*m = -4*s, m + m + 15 = i*s. Suppose -3*t + 0*t + s = 0, 99 = 2*u + 5*t. Is u a prime number?
True
Suppose 17*z + 2878 = 19*z. Is z composite?
False
Let g(c) = -c**3 + 6*c**2 - 5*c - 2. Let y be g(5). Is (4/y)/((-6)/93) a composite number?
False
Suppose -2*r = -5*r + 573. Is r composite?
False
Let q(x) = -9*x**3 + x. Let h be q(-1). Let r = 85 - h. Is r a prime number?
False
Suppose 2519 = 6*c - 5875. Is c a prime number?
True
Is 4/10 + ((-27018)/(-30) - 2) a composite number?
True
Suppose 5 = 5*k, -4*k + 0*k = u - 10. Let m = 31 - u. Is m a prime number?
False
Suppose -2*i - i = 3*j - 27, 4*i = 4*j + 36. Is (i/6 - 2)*-298 prime?
True
Suppose m - o = -404, 2*m + 2032 = -3*m + o. Suppose -7*d = -3*d + 448. Let l = d - m. Is l prime?
False
Suppose -4*g - 3 = 1, -5*d = -5*g - 9240. Is d prime?
True
Let h = 449 - 230. Is h a composite number?
True
Let o(j) = -22*j + 1. Suppose -15 = 5*z - 4*z - 5*p, -5*z + 5*p - 15 = 0. Suppose z = 3*a - 0 + 9. Is o(a) prime?
True
Suppose 0 = o - 0*o - 3. Suppose -o*t = -0*t - 39. Is t a prime number?
True
Suppose -3*a + 2853 = -0*a. Is a composite?
True
Let n(q) = q + 11. Let i be n(-7). Suppose 0 = -i*w - g - 313, 4*w + 0*w + 307 = 5*g. Let p = w - -109. Is p prime?
True
Let f = 34 - 9. Is f composite?
True
Suppose -2*y - 2*y = 0. Suppose 0 = 3*z - y*z - 33. Is z a prime number?
True
Let y = -5 - -8. Is ((-534)/(-8))/y*12 a composite number?
True
Suppose -z = 3*w - 9 - 428, 1716 = 4*z - 4*w. Is